{"id":51,"date":"2022-05-09T18:08:02","date_gmt":"2022-05-09T18:08:02","guid":{"rendered":"https:\/\/moaryasociados.com.ar\/?page_id=51"},"modified":"2025-09-25T14:26:28","modified_gmt":"2025-09-25T14:26:28","slug":"clientes","status":"publish","type":"page","link":"https:\/\/moaryasociados.com.ar\/?page_id=51","title":{"rendered":"Clientes"},"content":{"rendered":"<h3><span style=\"font-size: 14pt;\"><span style=\"color: #003366; font-family: times new roman, times;\"><b>Aseguradoras<\/b><\/span><\/span><\/h3>\n<ol>\n<li><span style=\"color: #003366;\">Allianz Argentina Compa\u00f1\u00eda de Seguros S.A.<\/span><\/li>\n<li><span style=\"color: #003366;\">Andina A.R.T. S.A.<\/span><\/li>\n<li><span style=\"color: #003366;\">\u00a0Aseguradora de Cr\u00e9ditos y Garant\u00edas S.A.<\/span><\/li>\n<li><span style=\"color: #003366;\">\u00a0Assurant Argentina Compa\u00f1\u00eda de Seguros S.A.<\/span><\/li>\n<li><span style=\"color: #003366;\">Beneficio S.A. Compa\u00f1\u00eda de Seguros<\/span><\/li>\n<li><span style=\"color: #003366;\">Berkley International Seguros S.A.<\/span><\/li>\n<li><span style=\"color: #003366;\">BHN Vida S.A.<\/span><\/li>\n<li><span style=\"color: #003366;\">BHN Seguros Generales S.A.<\/span><\/li>\n<li><span style=\"color: #003366;\">Bind Seguros S.A.<\/span><\/li>\n<li><span style=\"color: #003366;\">Caminos Protegidos Compa\u00f1\u00eda de Seguros S.A.<\/span><\/li>\n<li><span style=\"color: #003366;\">Caruso Compa\u00f1\u00eda Argentina de Seguros S.A.<\/span><\/li>\n<li><span style=\"color: #003366;\">Compa\u00f1\u00eda Argentina de Seguros Victoria S.A. (grupo Bag\u00f3)<\/span><\/li>\n<li><span style=\"color: #003366;\">Compa\u00f1\u00eda de Seguros El Norte S.A.<\/span><\/li>\n<li><span style=\"color: #003366;\">Compa\u00f1\u00eda de Seguros La Mercantil Andina S.A.<\/span><\/li>\n<li><span style=\"color: #003366;\">Cooperaci\u00f3n Mutual Patronal Sociedad Mutual de Seguros Generales<\/span><\/li>\n<li><span style=\"color: #003366;\">Chubb Seguros Argentina S.A.<\/span><\/li>\n<li><span style=\"color: #003366;\">Experta Seguros S.A.U.<\/span><\/li>\n<li><span style=\"color: #003366;\">Federaci\u00f3n Patronal Seguros S.A.U.<\/span><\/li>\n<li><span style=\"color: #003366;\">Federaci\u00f3n Patronal Seguros de Retiro S.A.<\/span><\/li>\n<li><span style=\"color: #003366;\">Galicia Seguros S.A.U.<\/span><\/li>\n<li><span style=\"color: #003366;\">Hanse\u00e1tica Compa\u00f1\u00eda de Seguros S.A.<\/span><\/li>\n<li><span style=\"color: #003366;\">La Equitativa del Plata S.A. de Seguros<\/span><\/li>\n<li><span style=\"color: #003366;\">La Meridional Compa\u00f1\u00eda Argentina de Seguros S.A.<\/span><\/li>\n<li><span style=\"color: #003366;\">La Segunda Seguros (grupo econ\u00f3mico compuesto por 4 aseguradoras)<\/span><\/li>\n<li><span style=\"color: #003366;\">Life Seguros de Personas y Patrimoniales<\/span><\/li>\n<li><span style=\"color: #003366;\">Mista Seguro de Personas S.A.<\/span><\/li>\n<li><span style=\"color: #003366;\">NSA Seguros Generales S.A.<\/span><\/li>\n<li><span style=\"color: #003366;\">Prevenci\u00f3n A.R.T. S.A.<\/span><\/li>\n<li><span style=\"color: #003366;\">Previnca Seguros S.A.<\/span><\/li>\n<li><span style=\"color: #003366;\">Provincia Seguros S.A.<\/span><\/li>\n<li><span style=\"color: #003366;\">Prudencia Compa\u00f1\u00eda Argentina de Seguros Generales S.A.<\/span><\/li>\n<li><span style=\"color: #003366;\">Qualia Compa\u00f1\u00eda de Seguros S.A.<\/span><\/li>\n<li><span style=\"color: #003366;\">RCI Compa\u00f1\u00eda de Seguros de Personas S.A.U.<\/span><\/li>\n<li><span style=\"color: #003366;\">San Crist\u00f3bal Sociedad Mutual de Seguros Generales<\/span><\/li>\n<li><span style=\"color: #003366;\">Sancor Cooperativa de Seguros Limitada<\/span><\/li>\n<li><span style=\"color: #003366;\">Segurcoop Cooperativa de Seguros Ltda.<\/span><\/li>\n<li><span style=\"color: #003366;\">Seguros Bernardino Rivadavia Cooperativa Limitada<\/span><\/li>\n<li><span style=\"color: #003366;\">Stellantis Insurance Compa\u00f1\u00eda de Seguros S.A.U (Peugeot)<\/span><\/li>\n<li><span style=\"color: #003366;\">GGAL Seguros S.A.<\/span><\/li>\n<li><span style=\"color: #003366;\">Triunfo Cooperativa de Seguros Limitada<\/span><\/li>\n<li><span style=\"color: #003366;\">Zurich Argentina Compa\u00f1\u00eda de Seguros S.A.<\/span><\/li>\n<li><span style=\"color: #003366;\">Zurich International Life Limited (Sucursal Argentina)<\/span><\/li>\n<li><span style=\"color: #003366;\">Zurich Santander Seguros Argentina S.A.<\/span><\/li>\n<\/ol>\n<p style=\"text-align: left;\"><span style=\"font-family: 'times new roman', times; color: #003366; font-size: 14pt;\"><strong>Reaseguradoras<\/strong><strong>\u00a0<\/strong><\/span><\/p>\n<ol start=\"48\">\n<li><span style=\"font-family: 'times new roman', times; color: #003366;\">ACE American Insurance Company (Sucursal Argentina)<\/span><\/li>\n<li><span style=\"font-family: 'times new roman', times; color: #003366;\">Federaci\u00f3n Patronal Reaseguros S.A.<\/span><\/li>\n<li><span style=\"font-family: 'times new roman', times; color: #003366;\">Punto Sur Sociedad Argentina de Reaseguros S.A.<\/span><\/li>\n<li><span style=\"font-family: 'times new roman', times; color: #003366;\">Zurich Compa\u00f1\u00eda de Reaseguros Argentina S.A.<\/span><\/li>\n<\/ol>\n<p style=\"text-align: left;\"><span style=\"font-family: 'times new roman', times; color: #003366; font-size: 14pt;\"><strong>Otros<\/strong><strong>\u00a0<\/strong><\/span><\/p>\n<ol start=\"52\">\n<li><span style=\"font-family: 'times new roman', times; color: #003366;\">ACE Servicios S.A.<\/span><\/li>\n<li><span style=\"font-family: 'times new roman', times; color: #003366;\">American Express Argentina S.A.<\/span><\/li>\n<\/ol>\n","protected":false},"excerpt":{"rendered":"<p>Aseguradoras Allianz Argentina Compa\u00f1\u00eda de Seguros S.A. Andina A.R.T. S.A. \u00a0Aseguradora de Cr\u00e9ditos y Garant\u00edas S.A. \u00a0Assurant Argentina Compa\u00f1\u00eda de Seguros S.A. Beneficio S.A. Compa\u00f1\u00eda de Seguros Berkley International Seguros S.A. BHN Vida S.A. BHN Seguros Generales S.A. Bind Seguros S.A. Caminos Protegidos Compa\u00f1\u00eda de Seguros S.A. Caruso Compa\u00f1\u00eda Argentina&#8230;<\/p>\n","protected":false},"author":1,"featured_media":0,"parent":0,"menu_order":4,"comment_status":"closed","ping_status":"closed","template":"templates\/full-width-page.php","meta":{"footnotes":""},"class_list":["post-51","page","type-page","status-publish","hentry"],"_links":{"self":[{"href":"https:\/\/moaryasociados.com.ar\/index.php?rest_route=\/wp\/v2\/pages\/51","targetHints":{"allow":["GET"]}}],"collection":[{"href":"https:\/\/moaryasociados.com.ar\/index.php?rest_route=\/wp\/v2\/pages"}],"about":[{"href":"https:\/\/moaryasociados.com.ar\/index.php?rest_route=\/wp\/v2\/types\/page"}],"author":[{"embeddable":true,"href":"https:\/\/moaryasociados.com.ar\/index.php?rest_route=\/wp\/v2\/users\/1"}],"replies":[{"embeddable":true,"href":"https:\/\/moaryasociados.com.ar\/index.php?rest_route=%2Fwp%2Fv2%2Fcomments&post=51"}],"version-history":[{"count":12,"href":"https:\/\/moaryasociados.com.ar\/index.php?rest_route=\/wp\/v2\/pages\/51\/revisions"}],"predecessor-version":[{"id":498,"href":"https:\/\/moaryasociados.com.ar\/index.php?rest_route=\/wp\/v2\/pages\/51\/revisions\/498"}],"wp:attachment":[{"href":"https:\/\/moaryasociados.com.ar\/index.php?rest_route=%2Fwp%2Fv2%2Fmedia&parent=51"}],"curies":[{"name":"wp","href":"https:\/\/api.w.org\/{rel}","templated":true}]}}