{"id":234,"date":"2022-07-07T15:19:47","date_gmt":"2022-07-07T15:19:47","guid":{"rendered":"https:\/\/moaryasociados.com.ar\/?page_id=234"},"modified":"2022-07-11T14:08:53","modified_gmt":"2022-07-11T14:08:53","slug":"ezequiel-zubiri","status":"publish","type":"page","link":"https:\/\/moaryasociados.com.ar\/?page_id=234","title":{"rendered":"Ezequiel Zubiri"},"content":{"rendered":"<p style=\"text-align: justify;\"><span style=\"font-family: 'times new roman', times; color: #003366;\"><strong><em>Antecedentes en entidades aseguradoras:<\/em><\/strong><\/span><\/p>\n<p style=\"text-align: justify;\"><span style=\"font-family: 'times new roman', times; color: #003366;\">El actuario Ezequiel Zubiri, desde marzo de 2002 hasta septiembre de 2003, se desempe\u00f1\u00f3 en \u201cRoyal &amp; Sun Alliance Seguros (Argentina) S.A. como Jefe T\u00e9cnico-Operativo del \u00e1rea de seguros de personas de la Compa\u00f1\u00eda, que comprend\u00eda a los ramos Vida y Accidentes Personales. Las tareas desarrolladas incluyeron -con la colaboraci\u00f3n del personal a su cargo- procesos de tarifaci\u00f3n, elaboraci\u00f3n de informes estad\u00edsticos, desarrollo de cotizadores, c\u00e1lculo de reservas matem\u00e1ticas, dise\u00f1o de productos, liquidaci\u00f3n de siniestros y modelaci\u00f3n de los procesos y procedimientos llevados a cabo en el \u00e1rea a su cargo. Asumi\u00f3 adem\u00e1s la responsabilidad de las tareas de c\u00e1lculo de la reserva de IBNR, en oportunidad del dictado de la normativa en la materia por parte de la SSN. En septiembre de 2003 se desvincula de la citada aseguradora a efectos de continuar su desarrollo profesional en el Estudio Moar &amp; Asociados.<\/span><\/p>\n<p style=\"text-align: justify;\"><span style=\"font-family: 'times new roman', times; color: #003366;\">En forma previa, desde diciembre de 1999 hasta enero de 2002, se desempe\u00f1\u00f3 en \u201cLua Seguros La Porte\u00f1a S.A.\u201d, iniciando sus tareas como asesor actuarial de la Gerencia T\u00e9cnica de la Compa\u00f1\u00eda y asumiendo r\u00e1pidamente la Sub-Gerencia T\u00e9cnica de L\u00edneas Personales, que comprend\u00eda a los ramos Automotor, Combinado Familiar, Vida y Accidentes Personales. Las tareas desarrolladas incluyeron -con la colaboraci\u00f3n del personal a su cargo- procesos de tarifaci\u00f3n, elaboraci\u00f3n de informes estad\u00edsticos, codificaci\u00f3n de sistemas y desarrollo de cotizadores, c\u00e1lculo de reservas matem\u00e1ticas y dise\u00f1o de productos. Tuvo a cargo adem\u00e1s el \u00e1rea de emisi\u00f3n y comercializaci\u00f3n del ramo vida en general.<\/span><\/p>\n<p style=\"text-align: justify;\"><span style=\"font-family: 'times new roman', times; color: #003366;\"><em><strong>Antecedentes en la Superintendencia de Seguros de la Naci\u00f3n<\/strong><\/em><\/span><\/p>\n<p style=\"text-align: justify;\"><span style=\"font-family: 'times new roman', times; color: #003366;\">Desarroll\u00f3 su primera actividad en el \u00e1mbito asegurador, como funcionario de la Gerencia T\u00e9cnica de la Superintendencia de Seguros de la Naci\u00f3n (Agosto 1995 &#8211; Noviembre 1999).<\/span><\/p>\n<p style=\"text-align: justify;\"><span style=\"font-family: 'times new roman', times; color: #003366;\">Entre las tareas llevadas a cabo en el mencionado Organismo, merecen destacarse el\u00a0 control y an\u00e1lisis de las condiciones de reaseguro pasivo suscriptas por el mercado en general, que incluy\u00f3 su participaci\u00f3n en el dictado de normativa en la materia, como as\u00ed tambi\u00e9n en la inscripci\u00f3n de reaseguradoras extranjeras y brokers de reaseguros.<\/span><\/p>\n<p style=\"text-align: justify;\"><span style=\"font-family: 'times new roman', times; color: #003366;\">Luego de ello, efectu\u00f3 tareas de an\u00e1lisis y aprobaci\u00f3n de los elementos t\u00e9cnico contractuales de diversas coberturas de seguros de personas en todas sus modalidades.<\/span><\/p>\n<p style=\"text-align: justify;\"><span style=\"font-family: 'times new roman', times; color: #003366;\">En Noviembre de 1999 se desvincula del citado organismo a efectos de continuar su desarrollo profesional en el \u00e1mbito privado de seguros.<\/span><\/p>\n<p style=\"text-align: justify;\"><span style=\"font-family: 'times new roman', times; color: #003366;\"><em><strong>En funciones docentes y estudios universitarios:<\/strong><\/em><\/span><\/p>\n<ul>\n<li style=\"text-align: justify;\"><span style=\"font-family: 'times new roman', times; color: #003366;\">Actuario &#8211; Facultad de Ciencias Econ\u00f3micas &#8211; U.B.A. (1993-1999)<\/span><\/li>\n<li style=\"text-align: justify;\"><span style=\"font-family: 'times new roman', times; color: #003366;\">Ex &#8211; Ayudante en la materia C\u00e1lculo Financiero &#8211; Facultad de Ciencias Econ\u00f3micas &#8211; U.B.A. (2002).<\/span><\/li>\n<\/ul>\n","protected":false},"excerpt":{"rendered":"<p>Antecedentes en entidades aseguradoras: El actuario Ezequiel Zubiri, desde marzo de 2002 hasta septiembre de 2003, se desempe\u00f1\u00f3 en \u201cRoyal &amp; Sun Alliance Seguros (Argentina) S.A. como Jefe T\u00e9cnico-Operativo del \u00e1rea de seguros de personas de la Compa\u00f1\u00eda, que comprend\u00eda a los ramos Vida y Accidentes Personales. Las tareas desarrolladas&#8230;<\/p>\n","protected":false},"author":1,"featured_media":0,"parent":49,"menu_order":0,"comment_status":"closed","ping_status":"closed","template":"","meta":{"footnotes":""},"class_list":["post-234","page","type-page","status-publish","hentry"],"_links":{"self":[{"href":"https:\/\/moaryasociados.com.ar\/index.php?rest_route=\/wp\/v2\/pages\/234","targetHints":{"allow":["GET"]}}],"collection":[{"href":"https:\/\/moaryasociados.com.ar\/index.php?rest_route=\/wp\/v2\/pages"}],"about":[{"href":"https:\/\/moaryasociados.com.ar\/index.php?rest_route=\/wp\/v2\/types\/page"}],"author":[{"embeddable":true,"href":"https:\/\/moaryasociados.com.ar\/index.php?rest_route=\/wp\/v2\/users\/1"}],"replies":[{"embeddable":true,"href":"https:\/\/moaryasociados.com.ar\/index.php?rest_route=%2Fwp%2Fv2%2Fcomments&post=234"}],"version-history":[{"count":2,"href":"https:\/\/moaryasociados.com.ar\/index.php?rest_route=\/wp\/v2\/pages\/234\/revisions"}],"predecessor-version":[{"id":255,"href":"https:\/\/moaryasociados.com.ar\/index.php?rest_route=\/wp\/v2\/pages\/234\/revisions\/255"}],"up":[{"embeddable":true,"href":"https:\/\/moaryasociados.com.ar\/index.php?rest_route=\/wp\/v2\/pages\/49"}],"wp:attachment":[{"href":"https:\/\/moaryasociados.com.ar\/index.php?rest_route=%2Fwp%2Fv2%2Fmedia&parent=234"}],"curies":[{"name":"wp","href":"https:\/\/api.w.org\/{rel}","templated":true}]}}