{"id":225,"date":"2022-07-07T15:11:53","date_gmt":"2022-07-07T15:11:53","guid":{"rendered":"https:\/\/moaryasociados.com.ar\/?page_id=225"},"modified":"2025-04-04T19:24:42","modified_gmt":"2025-04-04T19:24:42","slug":"andres-moar-vieites","status":"publish","type":"page","link":"https:\/\/moaryasociados.com.ar\/?page_id=225","title":{"rendered":"Andr\u00e9s Moar Vieites"},"content":{"rendered":"<p style=\"text-align: justify;\"><span style=\"font-family: 'times new roman', times; color: #003366;\"><em><strong>Antecedentes en Estudios Contables especializados en seguros:<\/strong><\/em><\/span><\/p>\n<p style=\"text-align: justify;\"><span style=\"font-family: 'times new roman', times; color: #003366;\">Cabe se\u00f1alar al respecto, que el socio titular de este Estudio Profesional, Sr. Andr\u00e9s Moar Vieites ha desarrollado sus actividades profesionales durante 45 a\u00f1os como asesor de entidades aseguradoras, siendo durante los \u00faltimos 15 a\u00f1os de permanencia, uno de los dos socios principales del Estudio Arnaiz Ruiz, Carretto y C\u00eda., el cual fue l\u00edder en asesoramiento de entidades aseguradoras durante m\u00e1s de 40 a\u00f1os.<\/span><\/p>\n<p style=\"text-align: justify;\"><span style=\"font-family: 'times new roman', times; color: #003366;\">Ello ha originado que asesorara profesionalmente a empresas ampliamente reconocidas en el mercado tales como La Meridional (AIG), Zurich Seguros, La Rep\u00fablica, Asegurazioni Generali, La Buenos Aires, Cigna, etc. La dimensi\u00f3n del Estudio era de tal magnitud, que durante un per\u00edodo no inferior a 20 a\u00f1os, el mencionado socio tuvo a su cargo la atenci\u00f3n del sector de consultor\u00eda, que asesoraba a un importante n\u00famero de compa\u00f1\u00edas que alcanz\u00f3 a superar las 100 empresas en forma permanente.<\/span><\/p>\n<p style=\"text-align: justify;\"><span style=\"font-family: 'times new roman', times; color: #003366;\">En Agosto de 1998 se retir\u00f3 de dicha organizaci\u00f3n por razones personales y contin\u00faa en la actualidad con el asesoramiento de Compa\u00f1\u00edas de Seguros en forma independiente con su propio Estudio Profesional.<\/span><\/p>\n<p style=\"text-align: justify;\"><span style=\"font-family: 'times new roman', times; color: #003366;\"><em><strong>Antecedentes en asesoramiento de C\u00e1maras Empresarias de Seguro:<\/strong><\/em><\/span><\/p>\n<ul style=\"text-align: justify;\">\n<li><span style=\"font-family: 'times new roman', times; color: #003366;\">Asesor de ADIRA (Aseguradora del Interior de la Rep\u00fablica Argentina) en temas impositivos y generales vinculados con la actividad aseguradora.<\/span><\/li>\n<li><span style=\"font-family: 'times new roman', times; color: #003366;\">Ex asesor en la Uni\u00f3n de Aseguradores de Riesgos del Trabajo (agrupa a aseguradoras que cubren los riesgos emergentes de accidentes del trabajo).<\/span><\/li>\n<li><span style=\"font-family: 'times new roman', times; color: #003366;\">Ex asesor contable e impositivo en la Asociaci\u00f3n de Entidades Aseguradoras Privadas (entidad que agrupaba a compa\u00f1\u00edas extranjeras de ramos elementales radicados en el pa\u00eds).<\/span><\/li>\n<li><span style=\"font-family: 'times new roman', times; color: #003366;\">Integrante de la comisi\u00f3n contable impositiva de la Asociaci\u00f3n Argentina de Compa\u00f1\u00edas de Seguros desde hace m\u00e1s de 30 a\u00f1os.<\/span><\/li>\n<\/ul>\n<p style=\"text-align: justify;\"><span style=\"font-family: 'times new roman', times; color: #003366;\"><em><strong>Antecedentes en funciones docentes y estudios universitarios:<\/strong><\/em><\/span><\/p>\n<ul style=\"text-align: justify;\">\n<li><span style=\"font-family: 'times new roman', times; color: #003366;\">Egresado de la Escuela Superior de Comercio &#8220;Carlos Pellegrini&#8221; (UBA).<\/span><\/li>\n<li><span style=\"font-family: 'times new roman', times; color: #003366;\">Becado por la Universidad de Buenos Aires para cursar la carrera de Contador P\u00fablico Nacional (egresado en 1967).<\/span><\/li>\n<li><span style=\"font-family: 'times new roman', times; color: #003366;\">Desde su creaci\u00f3n (aproximadamente 13 a\u00f1os) a cargo del \u00e1rea impuestos de entidades aseguradoras que se dicta en el modulo 6 de la carrera de posgrado de &#8220;especializaci\u00f3n en Tributaci\u00f3n&#8221;, en la Facultad de Ciencias Econ\u00f3micas de la Universidad de Buenos Aires.<\/span><\/li>\n<li><span style=\"font-family: 'times new roman', times; color: #003366;\">Docente en temas de tributaci\u00f3n sobre la actividad aseguradora en la Facultad de Ciencias Econ\u00f3micas de la Universidad Nacional de Mar del Plata y en el Consejo Profesional de Ciencias Econ\u00f3micas de la Capital Federal en los cursos de posgrado en Especialista de Tributaci\u00f3n.<\/span><\/li>\n<li><span style=\"font-family: 'times new roman', times; color: #003366;\">Docente en temas de tributaci\u00f3n sobe la actividad aseguradora en la Asociaci\u00f3n Argentina de Estudios Fiscales.<\/span><\/li>\n<li><span style=\"font-family: 'times new roman', times; color: #003366;\">Ex docente de Impuestos I y II de la Facultad de Ciencias Econ\u00f3micas de la Universidad de Buenos Aires (1968-1972).<\/span><\/li>\n<li><span style=\"font-family: 'times new roman', times; color: #003366;\">Ex docente en el Curso de Contabilidad, Administraci\u00f3n e Impuestos de Compa\u00f1\u00edas de Seguro dictado por el Centro de Estudios del Seguro de la Facultad de Ciencias Econ\u00f3micas de la Universidad de Buenos Aires (a\u00f1o 1989).<\/span><\/li>\n<li><span style=\"font-family: 'times new roman', times; color: #003366;\">Ex docente de An\u00e1lisis de Estados Contables de la Facultad de Ciencias Econ\u00f3micas de la Universidad de Belgrano (1973-1975).<\/span><\/li>\n<li><span style=\"font-family: 'times new roman', times; color: #003366;\">Ex docente invitado en la Universidad Cat\u00f3lica de Argentina para exponer sobre aspectos impositivos de los estados contables.<\/span><\/li>\n<li><span style=\"font-family: 'times new roman', times; color: #003366;\">Socio activo de la Asociaci\u00f3n Argentina de Estudios Fiscales.<\/span><\/li>\n<\/ul>\n<p style=\"text-align: justify;\"><span style=\"font-family: 'times new roman', times; color: #003366;\"><em><strong>Otros:<\/strong><\/em><\/span><\/p>\n<ul style=\"text-align: justify;\">\n<li><span style=\"font-family: 'times new roman', times; color: #003366;\">Colaborador con FIEL en el trabajo realizado sobre Sistema Impositivo Argentino en la Actividad Aseguradora (1998).<\/span><\/li>\n<li><span style=\"font-family: 'times new roman', times; color: #003366;\">Integrante de la ex &#8211; Comisi\u00f3n de Normas Contables para la modificaci\u00f3n del Plan de Cuentas de entidades aseguradoras.<\/span><\/li>\n<li><span style=\"font-family: 'times new roman', times; color: #003366;\">Disertante en numerosas charlas sobe aspectos tributarios del seguro.<\/span><\/li>\n<li><span style=\"font-family: 'times new roman', times; color: #003366;\">Colaborador en \u00c1mbito Financiero en temas de \u00edndole impositivo en el \u00e1rea de seguros.<\/span><\/li>\n<li><span style=\"font-family: 'times new roman', times; color: #003366;\">Autor de numerosas publicaciones en revistas especializadas de seguros y otras.<\/span><\/li>\n<li><span style=\"font-family: 'times new roman', times; color: #003366;\">Redactor del cap\u00edtulo IVA en la actividad aseguradora, del Digesto Pr\u00e1ctico Tributario &#8211; Impuesto al Valor Agregado-Legislaci\u00f3n, Jurisprudencia y Doctrina (La Ley).<\/span><\/li>\n<\/ul>\n","protected":false},"excerpt":{"rendered":"<p>Antecedentes en Estudios Contables especializados en seguros: Cabe se\u00f1alar al respecto, que el socio titular de este Estudio Profesional, Sr. Andr\u00e9s Moar Vieites ha desarrollado sus actividades profesionales durante 45 a\u00f1os como asesor de entidades aseguradoras, siendo durante los \u00faltimos 15 a\u00f1os de permanencia, uno de los dos socios principales&#8230;<\/p>\n","protected":false},"author":1,"featured_media":0,"parent":49,"menu_order":0,"comment_status":"closed","ping_status":"closed","template":"","meta":{"footnotes":""},"class_list":["post-225","page","type-page","status-publish","hentry"],"_links":{"self":[{"href":"https:\/\/moaryasociados.com.ar\/index.php?rest_route=\/wp\/v2\/pages\/225","targetHints":{"allow":["GET"]}}],"collection":[{"href":"https:\/\/moaryasociados.com.ar\/index.php?rest_route=\/wp\/v2\/pages"}],"about":[{"href":"https:\/\/moaryasociados.com.ar\/index.php?rest_route=\/wp\/v2\/types\/page"}],"author":[{"embeddable":true,"href":"https:\/\/moaryasociados.com.ar\/index.php?rest_route=\/wp\/v2\/users\/1"}],"replies":[{"embeddable":true,"href":"https:\/\/moaryasociados.com.ar\/index.php?rest_route=%2Fwp%2Fv2%2Fcomments&post=225"}],"version-history":[{"count":6,"href":"https:\/\/moaryasociados.com.ar\/index.php?rest_route=\/wp\/v2\/pages\/225\/revisions"}],"predecessor-version":[{"id":269,"href":"https:\/\/moaryasociados.com.ar\/index.php?rest_route=\/wp\/v2\/pages\/225\/revisions\/269"}],"up":[{"embeddable":true,"href":"https:\/\/moaryasociados.com.ar\/index.php?rest_route=\/wp\/v2\/pages\/49"}],"wp:attachment":[{"href":"https:\/\/moaryasociados.com.ar\/index.php?rest_route=%2Fwp%2Fv2%2Fmedia&parent=225"}],"curies":[{"name":"wp","href":"https:\/\/api.w.org\/{rel}","templated":true}]}}