{"id":193,"date":"2022-05-26T18:06:33","date_gmt":"2022-05-26T18:06:33","guid":{"rendered":"https:\/\/moaryasociados.com.ar\/?page_id=193"},"modified":"2025-09-25T14:27:25","modified_gmt":"2025-09-25T14:27:25","slug":"tecnico-actuariales","status":"publish","type":"page","link":"https:\/\/moaryasociados.com.ar\/?page_id=193","title":{"rendered":"T\u00e9cnico-Actuariales"},"content":{"rendered":"<p><span style=\"font-family: 'times new roman', times; color: #003366;\">La prestaci\u00f3n de nuestros servicios profesionales en materia t\u00e9cnica y actuarial puede abarcar, entre otras tem\u00e1ticas, lo siguiente:<\/span><\/p>\n<ul>\n<li><span style=\"color: #003366; font-family: 'times new roman', times;\">Interpretaci\u00f3n de la normativa de la SSN, incluyendo informes anal\u00edticos sobre el alcance de las diferentes disposiciones<\/span><\/li>\n<li><span style=\"color: #003366; font-family: 'times new roman', times;\">Asesoramiento relacionado con los productos comercializados y nuevos productos<\/span><\/li>\n<li><span style=\"color: #003366; font-family: 'times new roman', times;\">Desarrollo de productos <strong>o modificaciones de productos existentes, junto con toda tramitaci\u00f3n requerida para su aprobaci\u00f3n ante el organismo de control<\/strong><\/span><\/li>\n<li><span style=\"color: #003366; font-family: 'times new roman', times;\">Denuncias y actuaciones iniciadas ante o por la SSN y requerimientos de informaci\u00f3n<\/span><\/li>\n<li><span style=\"color: #003366; font-family: 'times new roman', times;\">Asesoramiento en materia de contratos de reaseguro \/ coaseguro \/ agentes institorios u otros<\/span><\/li>\n<li><span style=\"color: #003366; font-family: 'times new roman', times;\">Grandes Riesgos, asesoramiento y elaboraci\u00f3n de los informes de actuario requeridos por la SSN<\/span><\/li>\n<li><span style=\"color: #003366; font-family: 'times new roman', times;\">Informes Actuariales sobre Juicios y Mediaciones de Automotores y RC<\/span><\/li>\n<li><span style=\"color: #003366; font-family: 'times new roman', times;\">C\u00e1lculos de pasivos por IBNR, tanto bajo normas contables locales como de gesti\u00f3n<\/span><\/li>\n<li><span style=\"color: #003366; font-family: 'times new roman', times;\">C\u00e1lculos de otras reservas de siniestros o de primas<\/span><\/li>\n<li><span style=\"color: #003366; font-family: 'times new roman', times;\">Desarrollo de manuales de tarifas y c\u00e1lculo de tarifas t\u00e9cnicas<\/span><\/li>\n<li><span style=\"color: #003366; font-family: 'times new roman', times;\">Revisi\u00f3n y carga de informaci\u00f3n a remitir a SSN bajo el Sistema SISUPRE<\/span><\/li>\n<li><span style=\"color: #003366; font-family: 'times new roman', times;\">Cursos de capacitaci\u00f3n sobre temas espec\u00edficos<\/span><\/li>\n<li><span style=\"color: #003366; font-family: 'times new roman', times;\">Auditor\u00edas t\u00e9cnicas puntuales<\/span><\/li>\n<li><span style=\"color: #003366; font-family: 'times new roman', times;\">Denuncias o actuaciones judiciales<\/span><\/li>\n<li><span style=\"color: #003366; font-family: 'times new roman', times;\">Desarrollo de manuales de procedimientos y tareas de control interno<\/span><\/li>\n<\/ul>\n\n\n<p><\/p>\n","protected":false},"excerpt":{"rendered":"<p>La prestaci\u00f3n de nuestros servicios profesionales en materia t\u00e9cnica y actuarial puede abarcar, entre otras tem\u00e1ticas, lo siguiente: Interpretaci\u00f3n de la normativa de la SSN, incluyendo informes anal\u00edticos sobre el alcance de las diferentes disposiciones Asesoramiento relacionado con los productos comercializados y nuevos productos Desarrollo de productos o modificaciones de&#8230;<\/p>\n","protected":false},"author":1,"featured_media":0,"parent":55,"menu_order":0,"comment_status":"closed","ping_status":"closed","template":"","meta":{"footnotes":""},"class_list":["post-193","page","type-page","status-publish","hentry"],"_links":{"self":[{"href":"https:\/\/moaryasociados.com.ar\/index.php?rest_route=\/wp\/v2\/pages\/193","targetHints":{"allow":["GET"]}}],"collection":[{"href":"https:\/\/moaryasociados.com.ar\/index.php?rest_route=\/wp\/v2\/pages"}],"about":[{"href":"https:\/\/moaryasociados.com.ar\/index.php?rest_route=\/wp\/v2\/types\/page"}],"author":[{"embeddable":true,"href":"https:\/\/moaryasociados.com.ar\/index.php?rest_route=\/wp\/v2\/users\/1"}],"replies":[{"embeddable":true,"href":"https:\/\/moaryasociados.com.ar\/index.php?rest_route=%2Fwp%2Fv2%2Fcomments&post=193"}],"version-history":[{"count":10,"href":"https:\/\/moaryasociados.com.ar\/index.php?rest_route=\/wp\/v2\/pages\/193\/revisions"}],"predecessor-version":[{"id":499,"href":"https:\/\/moaryasociados.com.ar\/index.php?rest_route=\/wp\/v2\/pages\/193\/revisions\/499"}],"up":[{"embeddable":true,"href":"https:\/\/moaryasociados.com.ar\/index.php?rest_route=\/wp\/v2\/pages\/55"}],"wp:attachment":[{"href":"https:\/\/moaryasociados.com.ar\/index.php?rest_route=%2Fwp%2Fv2%2Fmedia&parent=193"}],"curies":[{"name":"wp","href":"https:\/\/api.w.org\/{rel}","templated":true}]}}